+ 16 = 0, 5*m - 114 = 3*m + p. What are the prime factors of m?
59
Suppose -5*c - 1 = 2*k + 2, -4*c - 4*k = 12. What are the prime factors of 2 + (c - 3) - -3?
3
Let s be (-9)/(-2) + (-1)/(-2). Suppose -s*m + 5 - 10 = 0, -4*h + m + 41 = 0. What are the prime factors of h?
2, 5
Suppose n = -5*n + 498. List the prime factors of n.
83
Let z(d) = -3*d**2 - 1 - 2*d + 0*d**2 + 3*d + d**3. Let t be z(3). Suppose 6 = o + t. What are the prime factors of o?
2
Suppose 2*x - 12 + 0 = 0. What are the prime factors of 92/x - (-4)/6?
2
Let s(g) = g**2 + g - 13. What are the prime factors of s(4)?
7
Let r(b) = 9*b. Let n be (-3)/(-3) - (-6 + 4). List the prime factors of r(n).
3
Suppose -3*o - 4*z - 51 = 0, z + 42 = -2*o - o. Let u = o - -19. Suppose 3*f - p + 0 = 6, p - u = -3*f. What are the prime factors of f?
2
Suppose 5*d + 57 + 38 = 0. Let o = d - -31. Suppose -h = 4*x - 32 - o, 2*x + 3*h = 12. List the prime factors of x.
2, 3
Suppose -2*o - 17 = -t - 0*t, 2*o + 22 = 2*t. Let r(j) = -2*j + 5. What are the prime factors of r(o)?
17
Let a = 3 + -2. Let b(z) = 3*z**3 - z. Let g be b(a). Suppose g*u + 6 = 24. List the prime factors of u.
3
Suppose 5*c + 3 = 3*p + 5, -5*p + 2 = -3*c. Suppose -40 = -4*o - 4*d, -9 = -o - 5*d + p. List the prime factors of o.
2, 5
Let p = 30 - 28. List the prime factors of p.
2
Let k(c) = -c**2 - 7*c - 2. Let t be (33/(-15) - -1)*5. Let m be k(t). Suppose m*w - 52 = -0*w. List the prime factors of w.
13
Let z = 23 - 21. Suppose -z*c = -97 + 21. List the prime factors of c.
2, 19
Suppose 4*t - 4*l = -9*l + 21, 2*l + 2 = t. Suppose 4 = t*n, 6*k - 2*k - 3 = 5*n. List the prime factors of k.
2
Suppose -3*c - 15 = -6*c - q, 2*q - 10 = -2*c. What are the prime factors of c?
5
Let k(p) = -p**3 + 6*p**2 - 2*p. Suppose 5 + 3 = 2*j. List the prime factors of k(j).
2, 3
Let t(o) = -o**2 - 11*o - 8. Let s(p) = -9*p**2. Let d be s(-1). List the prime factors of t(d).
2, 5
Let g(y) = y**2 - 5*y - 4. Let w be g(6). Suppose -2 = w*x - 0*x. Let i = x + 8. List the prime factors of i.
7
Suppose -2 - 10 = -4*j. Suppose 8*p + 5*h - 120 = j*p, 3*p - h - 52 = 0. What are the prime factors of p?
19
Suppose -u + 505 = 2*h, h - 4*h + 5*u = -751. What are the prime factors of h?
2, 3, 7
Suppose -3*q + 1051 = -182. List the prime factors of q/12 - 2/8.
2, 17
Let q be 3/12 + (-51)/(-4). Suppose 4*b = q - 5. List the prime factors of 3 + -1 + b + 1.
5
Suppose 3*a + 6 = 18. Let v be (0 + -1)/(a/16). Let r = v - -14. What are the prime factors of r?
2, 5
Let x(h) = -h**3 + 4*h**2 + h - 2. Let w be x(4). Suppose 0 = -w*i + 13 - 3. What are the prime factors of i?
5
Suppose -v + 30 = 4*v. Suppose 0 = -3*m - 4*d + 11, d = -4*m - 0*d + v. Suppose y - 1 = m. What are the prime factors of y?
2
Let i = 3 + -7. Let p = i - 32. Let k = -22 - p. List the prime factors of k.
2, 7
Suppose -24 = -0*i + 4*i. Let f = i + 7. Suppose -q + 5 = f. What are the prime factors of q?
2
Let a = -10 + 12. What are the prime factors of a?
2
Let v = 19 + -17. Suppose -v - 86 = -2*q. List the prime factors of q.
2, 11
Suppose -54 = -4*t + 3*z, -43 = -2*t - t + z. List the prime factors of t.
3, 5
Let b(j) = -2*j - 3*j + 4*j - 2 + 1. Let h be (0 + -3)/(2/2). List the prime factors of b(h).
2
Suppose 0 = -2*b + 2 + 4. Suppose -v + 28 = b*v. What are the prime factors of v?
7
Let n = -26 - -3. Let q = n - -50. What are the prime factors of q?
3
Suppose 2*o = 4*u - 1510, 6*u - 2*u - 1490 = -2*o. What are the prime factors of u?
3, 5
Suppose -4*h = -7*h + 5*v - 100, 4*v = -3*h - 82. Let q(l) = l**2 + 5*l + 7. Let i be q(-9). Let j = i + h. List the prime factors of j.
13
Suppose -2*y = y - 60. Suppose -5 = 3*x - y. What are the prime factors of x?
5
Let m(u) = -u**3 + u**2 + 2*u + 115. List the prime factors of m(0).
5, 23
Let r = 88 - 54. What are the prime factors of r?
2, 17
Let c be (-2 - 13)*1/(-3). Suppose 0*l + 20 = c*l. Let j = 6 - l. What are the prime factors of j?
2
Suppose -4*y + 0*y + 16 = 0. Suppose -5*l - 16 + 61 = 4*p, y*p - l = 39. What are the prime factors of p?
2, 5
Let l(a) be the second derivative of -13*a**5/20 - a**3/6 - a**2/2 + 6*a. Let c be (0 - -1 - 0)*-1. What are the prime factors of l(c)?
13
Let s(b) = b**2 - b + 4. Let h be s(3). List the prime factors of (-20 + -5)*(-4)/h.
2, 5
Let z(g) = 5*g + g + g - 18 - 6*g. Let f(y) = 1. Let q(t) = -6*f(t) - z(t). What are the prime factors of q(0)?
2, 3
Let z = -3 + 2. Let r be (0 - 1)/(z/(-4)). What are the prime factors of (-35)/r + 6/24?
3
Let z(p) = p**3 + 8*p**2 + 2. Let l be z(-8). Suppose s = -l*s + 3, 3*b = -5*s + 8. Let r = b + 9. What are the prime factors of r?
2, 5
Suppose 2*c - 156 = -4*s, 3*c - c = -3*s + 151. List the prime factors of c.
2, 17
Suppose -2*x + 172 = -2*i, -3*i + 3 - 9 = 0. What are the prime factors of x?
2, 3, 7
Suppose y + 4*h + 5 = 0, 0 = h + 3*h + 4. Let b be (36/(-42))/(y/7). List the prime factors of 4 + -6*(-3)/b.
7
Let y(b) = 73*b**2 + 2*b - 3. What are the prime factors of y(1)?
2, 3
Let a(y) = -19*y - 7. List the prime factors of a(-4).
3, 23
What are the prime factors of 57/(-3 - (-27)/6)?
2, 19
Suppose 5*j + 40 = -4*c + 3*c, 0 = 2*c - 4*j + 66. Let s = -20 - c. What are the prime factors of s?
3, 5
What are the prime factors of (6/(-4)*-2 - 4)*-151?
151
Suppose 4*j - 44 - 60 = 0. List the prime factors of j.
2, 13
Suppose -42*w + 226 = -40*w. What are the prime factors of w?
113
Let o(c) = c**3 + 16*c**2 + 16*c + 9. What are the prime factors of o(-14)?
3, 59
What are the prime factors of (48/(-10))/(3/(-50))?
2, 5
Let o(x) = 2*x - 7. Let t be o(6). Suppose 0 = -t*b + 25, 0*d + 3*d + 5*b = 145. Let z = -28 + d. List the prime factors of z.
2, 3
Suppose 11*h = 121 + 638. What are the prime factors of h?
3, 23
What are the prime factors of 12/6*(-1 + 10)?
2, 3
Let u be 3/(-1)*(-1 - 0). Let a(p) = p**2 + 4*p. Let t(r) = 3*r**2 + 13*r + 1. Let j(y) = u*t(y) - 8*a(y). List the prime factors of j(-7).
3
Let z be 0/(-2) - (-5 + 0). Suppose 10 = -4*j - 6. Let q = z - j. What are the prime factors of q?
3
Let a = 254 + -151. List the prime factors of a.
103
Let x(m) = m**2 - 2*m + 2. List the prime factors of x(13).
5, 29
Let w be 6/21 - (-354)/(-14). List the prime factors of 1/(-4) + w/(-4).
2, 3
Suppose 0 = -3*a - 4 + 34. Suppose -a = -2*j + 44. What are the prime factors of j?
3
Let v(a) = -a**3 + 6*a**2 - 4*a + 6. Let g be v(4). Let j = g + 3. List the prime factors of j.
5
Let d = 12 + 222. List the prime factors of d.
2, 3, 13
Let z = -151 + 223. What are the prime factors of z?
2, 3
Suppose 11 = -3*n - 4, -3*n + 75 = 5*i. List the prime factors of i.
2, 3
Let a(j) = j + 16. Let l be a(0). Suppose -5*g - l + 86 = 0. What are the prime factors of g?
2, 7
Let x(w) = 2*w**2 + 24*w + 2. What are the prime factors of x(-18)?
2, 109
Suppose 4 = 3*t - 2. Suppose 0 = 3*a - t + 14. List the prime factors of a/(-6) - 50/(-6).
3
Let m(g) = -g**2 - g + 3. Let a be m(0). Suppose -a = 4*r - 31. Suppose -2*v + 0 + r = 5*f, -5*f + 2*v + 23 = 0. What are the prime factors of f?
3
List the prime factors of (1 + (-1)/(-2))*6.
3
Suppose -53 = -2*k + 105. List the prime factors of k.
79
Let b be (-1 + 10)/((-9)/6). What are the prime factors of (-4)/b + (-148)/(-12)?
13
Let k = 3 + -4. Let s = 0 - k. Let q = s - -2. List the prime factors of q.
3
Let f = 8 - 6. What are the prime factors of ((-1)/(-2))/(f/48)?
2, 3
Let k be 1/(-4) + 97/4. Suppose -3*b = -3*s + k, -s + b + 16 = s. What are the prime factors of s?
2
Suppose 0 = 4*p + 8 - 36. Suppose -5*f + p = -3. Suppose -y + 12 = -f*c + 2, -4*y + 4*c = -28. What are the prime factors of y?
2
Let x = 38 + -2. List the prime factors of x.
2, 3
Let d be (-1)/((-2)/2) - 0. Let q be (10/(-4))/(d/(-2)). Suppose -q*g - 4*z + 45 = 0, -2*g = -z - z - 36. What are the prime factors of g?
13
Let a be (-2)/(-3) + (-3)/(-9). Let n(f) = 11*f. List the prime factors of n(a).
11
Let b(p) = -p + 12. Let y be b(5). Let m(h) = h**2 + 4*h + 2. Let r be m(-3). Let n = y - r. What are the prime factors of n?
2
What are the prime factors of 14*3*(22 + -19)*2?
2, 3, 7
Suppose -2*p + 4*p - 4 = 0. Let y = p + -5. What are the prime factors of 20*y/(30/(-8))?
2
Suppose -9*n = -6*n - 6. Let l(g) = -g**2 + 4*g - 1. Let x be l(n). Suppose -4*m + x = -41. List the prime fac